 284. Suppose i*w = -11*w + 76594. Is w a composite number?
False
Let s be 36/(-63) - 7/(147/(-180)). Suppose 0 = 4*x - s - 0, -2*x + 19 = 5*w. Is 735 + 7 - w/1 prime?
True
Suppose -760*f = -759*f + 24. Is -10*15310/f + 55/(-330) a prime number?
True
Suppose 14 = 3*k + s, k + 3*s - s = -2. Is (6879/k)/(3/6) composite?
False
Suppose h + 0*b + 25 = -5*b, -3*h = 2*b + 10. Suppose 7*s - 8*s + 529 = h. Suppose -u + 33 = -s. Is u a composite number?
True
Let s = 233 + -887. Let n = s - -3157. Is n composite?
False
Let b = -42 - -45. Suppose -b = 3*f - 0. Is (-10168)/(-16) + f/2 composite?
True
Let h(n) = -209*n - 1. Let v(m) = 208*m + 1. Let f(o) = -6*h(o) - 5*v(o). Let i be f(-15). Let g = i - -4512. Is g composite?
False
Suppose 5*m + 2*z + 5 = 0, 5*m + 5 = z - 6*z. Let x be 4 - (m + 6) - -3. Suppose n - 167 = -5*k + 4*k, -x*n - 4*k + 342 = 0. Is n a prime number?
True
Suppose 6*r + 2*u - 1807626 = 0, -4*u - 1260589 = -4*r - 55505. Is r a prime number?
False
Let x(r) = r + 2. Let q be x(4). Suppose 3*z - 5*z + 2820 = 2*j, -5*j - 4*z + 7050 = 0. Suppose -j = -q*u + 1716. Is u a prime number?
True
Let x = 364770 - 81341. Is x a prime number?
False
Let s = 9754 + -6321. Is s a composite number?
False
Let y(i) = 6*i**2 + 6*i**2 + 16 + 6*i**2 - 3*i - 27*i**2 + 13*i**2. Let m(z) = -z**2 - 8*z - 4. Let j be m(-3). Is y(j) a prime number?
True
Let a(k) = -k**3 + 17*k**2 + 30*k - 7. Let v be a(19). Let z = 74 - v. Let n = 2428 - z. Is n prime?
False
Let p(q) = 513*q - 22. Let f be 12/(-20) + (-590)/(-25). Is p(f) composite?
False
Let x(o) = -2*o**3 - 122*o**2 - 139*o - 5. Is x(-62) prime?
True
Suppose 0 = 11*n - 10*n + 3. Let o be 7 - (2 + (-2 - n)). Is o/5 + (-5048)/(-40) a prime number?
True
Suppose 0 = 4*h - 4*u - u + 1, 0 = -3*h + u - 9. Is (h + 3 - -3273) + (0 - 1) a composite number?
False
Let o(f) = 418*f + 23. Let c(x) = 24*x - 138. Let m be c(6). Is o(m) composite?
False
Suppose -6*p + 232920 = 9*p. Suppose -14*r + p + 6046 = 0. Is r composite?
True
Is 598/(-4)*(3 - (-4 + 9)) composite?
True
Let g(a) = 3273*a**3 - a**2 - 27*a - 4. Is g(3) prime?
False
Let y = -85 - -95. Is ((-2153)/(-5))/(2/y) a composite number?
False
Let m be (-3)/(18/(-4)*1/(-3)). Let x be 6/(m - ((-484)/472 + -1)). Suppose x = 3*v - 103. Is v prime?
True
Let h = -17906 + 7736. Let y be (3/(-1) - h)*1. Let l = y - 6868. Is l prime?
True
Let s(p) = -p**2 - 29*p + 13. Let t(z) = -z**3 - 15*z**2 - 13*z - 13. Let d(q) = -7*q + 49. Let h be d(9). Let o be t(h). Is s(o) composite?
False
Suppose -884*k - 22854617 = -907*k. Is k composite?
False
Let z = 4632 + -2104. Suppose 4*t = z + 3724. Suppose 13*p + t = 16*p. Is p prime?
True
Let f be (-7)/((15/(-9012))/5). Suppose -f = -40*y + 12*y. Is y a composite number?
False
Let l be (6 - (-242 - 6))*-2. Let c = l + 1127. Is c prime?
True
Suppose -6*y = 4*y. Suppose 4*q = -4*i + 83380, y = 2*i + 4 + 4. Is q a composite number?
False
Suppose 5*b - 469035 = 2*n, 19*n = 6*b + 21*n - 562864. Is b composite?
False
Let a be 4 - (5 - (2 - 3)). Is (2 - (-8558)/4)/((-1)/a) composite?
False
Suppose -v = 2*v + 5*q + 3924, q = 0. Let m = v - -2749. Is m a prime number?
False
Let g(v) = -v + 5. Let n be g(10). Let l be (n/(-10))/(1/(-12)). Let h(a) = -60*a + 19. Is h(l) prime?
True
Is (-4)/(-18) - 616597935/(-1269) prime?
True
Let r(b) = 11131*b**2 - 5*b + 10. Let w be r(2). Suppose f - 5*f + w = 0. Is f prime?
True
Let k be (-1)/((-5)/10) - 1*-4417. Suppose -5*w - 4*t + k = -t, -5*t = 3*w - 2645. Suppose 5*c + 3*l - w = 388, -526 = -2*c + 3*l. Is c a composite number?
False
Let y(i) = 5*i**3 - 8*i**2 - 23*i + 23. Let k be y(11). Let a = 9556 + k. Is a composite?
False
Suppose 9*u + 25086 = 66117. Suppose -3*g + 512 - u = -3*n, -4*g = -5*n + 6747. Is n a prime number?
False
Suppose 0 = 15*b + 826 - 481. Let m(a) = -28 - a**3 + 2*a - 20*a**2 - 10*a - 10*a. Is m(b) prime?
True
Suppose 20*l - 2144589 - 40631 = 0. Is l prime?
False
Let g(d) be the second derivative of 25*d**4/3 + 7*d**3/6 + 13*d**2 - 2*d + 2. Is g(-5) prime?
False
Suppose 571533 = 3*a + 5*w, 36*a - 2*w = 40*a - 762016. Is a a composite number?
True
Suppose 3*q = -2*y + 7*y + 74, 0 = -5*y - 5*q - 50. Let p(n) = n**2 + 16*n + 37. Let h be p(y). Is -1 + (1 - h) + 765 a composite number?
True
Let f(g) = -g**3 + 8*g**2 + 11*g - 20. Let x be f(9). Let c be (599/4)/(x/(-8)). Suppose -70 - c = -r. Is r composite?
True
Let l(q) = 9*q**3 + q**2 + 9*q - 18. Suppose -2*b = -2*u + 8, 2*u + 2*b + 2 = 22. Is l(u) a composite number?
False
Suppose 2*k = -3*a + 7193, 3*a - 7*a + 20 = 0. Is k composite?
True
Suppose -5125 = -6*w - 16063. Let c = w + 3108. Is c composite?
True
Let j = 10103 + 120450. Is j composite?
False
Let s = 20819 - -34410. Is s a composite number?
False
Is (-8390198)/16*-1 - (-1050)/(-2800) composite?
False
Is ((88/(-32))/(-11))/(2/323672) a prime number?
True
Let t(f) = 180*f - 183. Let b be t(13). Let z = 3556 - b. Is z a prime number?
True
Let m = 33 - 30. Suppose -m*j - j - 20 = 2*w, -4*w - 31 = 5*j. Is (3935/20)/(j/(-12)) a prime number?
True
Suppose 5*r - 2595810 = -5*c, 4*c - 582945 = 5*r + 1493766. Is c a prime number?
False
Suppose 3*j - 54302 = -r, 18099 = j - 0*r + 2*r. Suppose -3*b = 20*b - j. Is b a prime number?
True
Suppose 4*s - 4*v - 1370 = 2926, -4291 = -4*s + 3*v. Is s a prime number?
True
Is ((7 - 110/15) + 52574)/((-7)/(-273)) a prime number?
False
Let i(r) be the first derivative of 5*r**6/36 - r**5/20 + r**4/8 - 5*r**3 - 4. Let o(t) be the third derivative of i(t). Is o(2) a prime number?
True
Suppose -h - 4*t = -24, -5*h + 2*h - 4*t + 32 = 0. Suppose -h*n + 352 = -3180. Let f = n + 3223. Is f prime?
False
Let s(k) = 4125*k. Let f be s(1). Suppose 2*o - 5952 = -2*t, -2*t - 3*o + 1822 = -f. Let q = t + -1894. Is q composite?
False
Let h(q) = 4933*q**2 - 60*q + 3. Is h(4) composite?
False
Suppose 0 = -5*z - 5*f - 362 + 1717, -4*z = -5*f - 1039. Let h = z + 1599. Is h prime?
False
Let b = 9 + -5. Suppose 5*x = -4*v + b*x + 18885, 4*v - 18883 = x. Is v composite?
False
Suppose -4*k = -x - 12, 5*k - 5 - 1 = -x. Suppose -h - 3*c = -6*c - 830, 1684 = k*h + 2*c. Is h a prime number?
True
Let s(b) = -59*b**3 + 3*b**2 - 12*b - 16. Let m be s(-11). Let p = m + -50507. Is p composite?
True
Let w(l) = 16934*l**2 + 151*l - 5. Is w(2) prime?
False
Let u be (-2*(-3)/6)/(4/(-8)). Is (u - 1 - -892)*1 prime?
False
Suppose m + 7 = 5*i + 18, 4*i = 3*m - 22. Suppose 2*y - m*y + 436 = 0. Suppose 0 = -y*r + 114*r - 9925. Is r a composite number?
True
Suppose 28240 = 28*t + 85696. Let w = t - -2963. Is w prime?
True
Let f(c) = 41*c**2 - 16*c + 46. Suppose -6*g + 22 = -8. Is f(g) prime?
True
Suppose 4*n - 11157 + 2717 = -2*k, 0 = -k - 4*n + 4216. Is (26 - k)*((-1)/2)/1 prime?
True
Let q = 39 + -30. Suppose -q*g + 8*g = 3. Let c(l) = -230*l + 1. Is c(g) a composite number?
False
Suppose -t = -3056 - 1235. Let n = 1696 + t. Is n a composite number?
False
Let v(b) = 8342*b**2 - 5*b - 14. Is v(-3) prime?
True
Suppose -149*c = -144*c - 25. Let q be (-2 - -1)*(-6906)/2. Suppose c*b = 2*b + q. Is b a composite number?
False
Let k(r) be the third derivative of -5*r**4/8 + 6623*r**3/6 - 83*r**2. Is k(0) prime?
False
Suppose 0 = -2*w - 5*w + 39501. Suppose -2*x + w = x. Suppose 0 = 6*d - x - 10725. Is d a prime number?
False
Suppose -5*g + 30 = -5*u, 15*u = -3*g + 11*u + 11. Suppose -c = 3*o - 6*c - 7884, g*o = 4*c + 13153. Is o a prime number?
True
Let a(l) = 6*l - 2. Let w be a(1). Suppose -w*v + 3*z + 49 = 0, -3*v - z = 3*z - 68. Is (-18640)/(-6) + v/(-24) composite?
True
Let v(r) = 38643*r**2 + 3*r + 1. Let k be v(-1). Suppose -5*j = -4*i + 19837, -k + 13811 = -5*i - 5*j. Is i composite?
True
Suppose 2*d = d - a + 187460, 2*d - 3*a - 374935 = 0. Is d a composite number?
False
Suppose -3*a = -9*d + 529383 + 19506, -182931 = -3*d - 3*a. Is d prime?
False
Let z(k) = 7*k**3 - 4*k**2 + 7*k - 2. Let i be z(2). Is 0 - -7638 - i/52 prime?
False
Let x be (-876)/(-14)*(17 - 10). Suppose 4*m = 6*m - x. Let c = 410 - m. Is c a composite number?
False
Let g = 88126 + -22799. Is g a composite number?
False
Suppose 4*m = -2*f + 41480, 3*m = 3*f - 0*f + 31101. Suppose -r = -5*u - 10376, r + 0*u + 2*u = m. Is r composite?
True
Is -63927*((-28)/12 - -2) a prime number?
False
Let t be (-252)/(-66) + -3*6/(-99